 units digit of g(-31)?
6
Let s(i) = 20*i + 12*i**2 + 5*i**2 - 24*i**2 + 23 + 8*i**2. What is the hundreds digit of s(11)?
3
Let b = -21182 + 38062. What is the thousands digit of b?
6
Let r = -72 - -76. Let z(d) = 288*d**2 + 8*d - 13. Let s(x) = 144*x**2 + 4*x - 7. Let j(g) = r*z(g) - 7*s(g). What is the hundreds digit of j(1)?
1
Let i(b) = 2*b - 280. Let f(s) = s - 186. Let g(m) = 7*f(m) - 5*i(m). What is the tens digit of g(-8)?
2
Suppose 5*m = -m + 1092. Let g = 720 - m. What is the hundreds digit of g?
5
Suppose -4*j + 6*j + 12 = 0. Let r(v) = -v**3 - v**2 + v - 168. Let b(h) = -h**3 - h**2 + h - 168. Let m(o) = j*b(o) + 5*r(o). What is the units digit of m(0)?
8
Suppose -9*m - 5*n + 4595 = -4*m, 5*n = m - 907. What is the tens digit of m?
1
Let m(i) = i**3 - 5*i**2 - i - 4. Let o be m(5). Let b(l) = -115*l - 12. What is the tens digit of b(o)?
2
Let u(t) = 189*t**2 + 48*t - 389. What is the thousands digit of u(6)?
6
Suppose -l - 3*n - 1449 = -4349, 2*l = -n + 5810. What is the tens digit of l?
0
Let l(n) = -2*n + 19. Suppose 11*a - 8*a - 24 = 0. Let b be l(a). Suppose -s - 286 = -5*t + s, -b*s - 9 = 0. What is the tens digit of t?
5
Suppose 24*q + 2*i = 25*q - 487, -2*i = 2*q - 980. What is the units digit of 0/(10/(-5)) + q?
9
Let q(z) = -7*z + 69. Let t be q(10). What is the tens digit of (-2 + t)*(-3712)/48?
3
Let k = -174 - 62. Let t = k - -308. What is the tens digit of t?
7
Let z be (0 + -7)/(1/6). Let u = 46 + z. Suppose 2*p = -p + u*x + 170, -4*x = -4*p + 224. What is the units digit of p?
4
What is the hundreds digit of (-8 - 1025/125)/(1/(149*-5))?
0
Let o(n) = -3*n**3 - 3*n**2 + 4*n + 56. Suppose 4*j = 5*i - 19, -2*i + 9 + 1 = -2*j. What is the units digit of o(j)?
2
Suppose 1 = -5*t + 5*i + 6, 5*t = 3*i - 5. Let m be t/8 - (-266)/4. Suppose 7*b - m - 263 = 0. What is the units digit of b?
7
Let y be (0 - -1)/(-3) + (-80828)/(-132). Suppose 4*w - y = -5*w. Suppose w*x - 65*x = 861. What is the hundreds digit of x?
2
Suppose 4*k + m = 6*m + 30925, 5*m + 5 = 0. What is the tens digit of k?
3
Let l be ((7 - 15) + 7)/((-2)/20). Suppose 6*h - l*h = 0. Suppose -v + 6 - 2 = h, -v = 3*m - 349. What is the tens digit of m?
1
Let q(s) = -s**3 + 39*s**2 + 42*s - 80. Let w be q(40). What is the units digit of (w - 2/(-3))*(-189081)/(-298)?
3
Let g(v) = 7*v + 1960. Let k be g(0). Suppose -k = -t - 565. What is the hundreds digit of t?
3
Let n = 113 - -10. Suppose 334 = q + u, q - n - 221 = u. What is the tens digit of q?
3
Suppose p - 2*p + 5 = -h, 0 = 3*p - h - 9. What is the units digit of p/(16/(-236))*(-7 + 5)?
9
Let h(b) = 3*b**2 - 9*b - 9. Let u be h(4). Suppose 0 = -u*g + 2*f + 3*f + 4607, 0 = g - 2*f - 1535. What is the thousands digit of g?
1
Let p = -32 + 29. Let z = p + 0. What is the tens digit of (-10 + -65)*1/z?
2
Let i be 802/(-14) + 7*(-2)/(-49). Let n be 3 + (-46)/16 + i/8. Let z(c) = -c**3 - 8*c**2 - 8*c - 3. What is the units digit of z(n)?
4
Let w(b) be the first derivative of 5*b**3/3 - 5*b**2/2 + 19*b + 7. Let t be w(-13). Suppose 166 = 15*o - t. What is the tens digit of o?
7
What is the hundreds digit of ((-5)/((-10)/54963))/((-11 - -14)/6)?
9
Suppose 4*y + 2*w - 1600 = 0, -5*y + 4*w - 7*w + 1999 = 0. What is the units digit of y?
1
Let q(s) = 25*s**2 - 23*s - 246. What is the hundreds digit of q(37)?
1
Suppose 4*t - 5*l = -20, -4*t = -3*l + 3 + 9. Suppose t = -5*s + 20, 4*n + 756 = 8*n - 5*s. What is the tens digit of n?
9
Suppose -7*d = -3*d - 8. Let o(s) = -3*s + 8. Let u be o(d). Suppose -u*l + 315 - 95 = 0. What is the tens digit of l?
1
Let l = -56428 + 107465. What is the hundreds digit of l?
0
Let k(b) = 4*b**2 + 3*b + 23. Let x be k(-4). Suppose x - 240 = r. Let n = 245 + r. What is the tens digit of n?
8
Suppose 9*n = n - 18*n + 215696. What is the units digit of n?
6
Let l be ((-4)/(-6))/(92/12 + -7). Let o(a) = 4944*a**3 + 5*a**2 - a - 2. Let v be o(l). What is the hundreds digit of v/18 - 14/(-63)?
2
What is the tens digit of (-749)/2*(-12 + (-832)/(-91))?
7
Suppose -3012 = 2*k - q, -3*k + 2*q + 0*q - 4518 = 0. Let s = k - -2260. What is the tens digit of s?
5
Let b(q) = 8*q + 49. Suppose h + 4 = 0, 7*y - 80 = 3*y + 3*h. What is the tens digit of b(y)?
8
Let n = 60801 - 26338. What is the tens digit of n?
6
Let j = 9514 - -4092. What is the units digit of j?
6
Let l = 157 - 145. Suppose -l*t - 2*t = -3416. What is the hundreds digit of t?
2
Suppose 300*g - 351*g = -385050. What is the hundreds digit of g?
5
Let z be 106/22 - 2/(-11). Suppose -23 = -5*k + j, 0 = -z*k - 2*j + 14 - 0. Suppose 4*t + k = -8, 5*x = 4*t + 542. What is the hundreds digit of x?
1
Let o(k) = -k**3 - 9*k**2 - 5*k - 6. Let g be o(-8). What is the tens digit of (-48)/20*(-138)/(-24)*g?
1
Let g = 105805 + -69841. What is the units digit of g?
4
Let o(r) = -r - 94. Let d be o(11). Let k = d - -403. What is the tens digit of k?
9
Suppose 2*p - 3*u + 0 + 10 = 0, 4*p = -5*u + 2. Let x be ((-1)/p*(2 - 0))/(-1). What is the units digit of -20*(17/(-5) + (2 - x))?
8
Let g(q) = -q**3 + 7*q**2 + 7*q + 8. Let w = -33 - -41. Let y be g(w). Suppose y = u + 5*z - 176, -2*u = -z + 24 - 409. What is the hundreds digit of u?
1
What is the tens digit of 10636093/473 + (-6)/(-99)*9?
8
Let z be 0*((-12)/56 - (-2)/(-7)). Let q be z/(-2) - (-2 + -4). Suppose 3*x - q*x = -345. What is the hundreds digit of x?
1
What is the tens digit of (-658870)/(-26) + 974/(-6331)?
4
Let o(c) = -2*c + 57. Let q be o(28). What is the hundreds digit of ((-1323)/378)/(q + (-357)/356)?
2
Let u = 18607 - 10447. What is the hundreds digit of u?
1
Suppose -8584 = -2*z + 2*y, -98*z - 3*y + 12906 = -95*z. What is the hundreds digit of z?
2
Suppose -52835 - 14935 = -19*b + 4867. What is the units digit of b?
3
Suppose -4*g + 5*g + 89 = l, -2*g = -8. Let m = l + 345. What is the hundreds digit of m?
4
Let i be -9*(3 - 60/18). Suppose -2*v - 2*v + 1217 = 3*x, -i*v - 2*x = -914. What is the tens digit of v?
0
Let a be ((-2)/8 - 2)/(2/80). Let k = 142 + a. What is the tens digit of k?
5
What is the units digit of (1 - (-180)/(-15)) + 25752?
1
What is the hundreds digit of (-26)/(-10) + (-14445639)/(-585)?
6
Let k(s) = 937*s - 5*s**2 + 29 - 2*s**3 - 951*s + 37*s**2. What is the units digit of k(15)?
9
Let b = 123905 + -86549. What is the tens digit of b?
5
Suppose -v = 3*j + 331, 2*v + 0*v + 440 = -4*j. Let p = j - -231. Let l = p - 42. What is the units digit of l?
8
Let p be (72512/(-56) - -6) + (-6)/(-7). Let i = p - -2296. What is the units digit of i?
8
Let w(c) = -233*c**3 + 2*c**2 - 16*c + 20. What is the ten thousands digit of w(-6)?
5
Suppose -3*s - 3*c = -88938, 179*c = 3*s + 180*c - 88928. What is the hundreds digit of s?
6
Let q(w) = -5*w + 106. Let x be q(26). Let y(v) = v**3 + 24*v**2 - 14*v - 69. What is the tens digit of y(x)?
6
Let s be (-98)/(-34) - 42/(-357). Suppose 0 = 4*m + 16, -2*m = -s*b + m + 2133. What is the units digit of b?
7
Let m(c) be the second derivative of 7*c**4/6 - c**3/6 - c**2/2 - 37*c. Let q be m(4). Let x = q - 122. What is the units digit of x?
7
Suppose 2*j = -j + k + 10, 4*j + 4*k + 8 = 0. Let d be j + 1/4 + 27/(-12). Suppose 188 = -d*r + 4*r. What is the units digit of r?
7
Suppose 0 = -137*q + 134*q - 12. Let w(d) = 9*d**2 - 2*d - 29. What is the units digit of w(q)?
3
What is the tens digit of (-6*(4/(-4))/(-2))/((-183)/910303)?
2
Let g(z) = z - 1. Let m(s) = -194*s + 15. Let y(a) = -3*g(a) - m(a). What is the units digit of y(1)?
9
What is the hundreds digit of -8 + 16 - (-1305 + 2)?
3
Let r = 2327 + -94. Suppose -6*g = -4175 - r. What is the units digit of g?
8
Let c = -12637 - -13731. What is the hundreds digit of c?
0
Let t = 34839 - 25030. What is the thousands digit of t?
9
Suppose 0 = -87*m - 55*m + 710. Let w = 9 - 4. Suppose -m*i - 44 = -f, 7 + w = -3*i. What is the units digit of f?
4
Let i = 94 + -52. What is the tens digit of (-12180)/(-66) - i/77?
8
Suppose -20 = -4*y + 8*y, y + 41 = -3*t. What is the units digit of 10/(-30) + (-5452)/t?
4
What is the tens digit of 23 - (6 + 23) - (-31332 - -1)?
2
Suppose 0 = 3*w - 5*g + 6 + 95, g + 187 = -5*w. Let f = w + 40. Suppose -7 = f*z - 46. What is the units digit of z?
3
Let u = -1 - -6. Let i(a) = -9 + 85*a - 1 + u + 6. What is the units digit of i(2)?
1
Suppose -7*q - 7*q + 